[INFO] cloning repository https://github.com/barudisshu/blazing-rust-brief
[INFO] running `Command { std: "git" "-c" "credential.helper=" "-c" "credential.helper=/workspace/cargo-home/bin/git-credential-null" "clone" "--bare" "https://github.com/barudisshu/blazing-rust-brief" "/workspace/cache/git-repos/https%3A%2F%2Fgithub.com%2Fbarudisshu%2Fblazing-rust-brief", kill_on_drop: false }`
[INFO] [stderr] Cloning into bare repository '/workspace/cache/git-repos/https%3A%2F%2Fgithub.com%2Fbarudisshu%2Fblazing-rust-brief'...
[INFO] running `Command { std: "git" "rev-parse" "HEAD", kill_on_drop: false }`
[INFO] [stdout] 4f382dd03f32bf6eead6ffcbf87520f7d9177347
[INFO] checking barudisshu/blazing-rust-brief against master#9610dfe5a9a731ced1ea4923ecbd0c57fe367898 for beta-170-4
[INFO] running `Command { std: "git" "clone" "/workspace/cache/git-repos/https%3A%2F%2Fgithub.com%2Fbarudisshu%2Fblazing-rust-brief" "/workspace/builds/worker-5-tc1/source", kill_on_drop: false }`
[INFO] [stderr] Cloning into '/workspace/builds/worker-5-tc1/source'...
[INFO] [stderr] done.
[INFO] validating manifest of git repo https://github.com/barudisshu/blazing-rust-brief on toolchain 9610dfe5a9a731ced1ea4923ecbd0c57fe367898
[INFO] running `Command { std: CARGO_HOME="/workspace/cargo-home" RUSTUP_HOME="/workspace/rustup-home" "/workspace/cargo-home/bin/cargo" "+9610dfe5a9a731ced1ea4923ecbd0c57fe367898" "metadata" "--manifest-path" "Cargo.toml" "--no-deps", kill_on_drop: false }`
[INFO] started tweaking git repo https://github.com/barudisshu/blazing-rust-brief
[INFO] finished tweaking git repo https://github.com/barudisshu/blazing-rust-brief
[INFO] tweaked toml for git repo https://github.com/barudisshu/blazing-rust-brief written to /workspace/builds/worker-5-tc1/source/Cargo.toml
[INFO] crate git repo https://github.com/barudisshu/blazing-rust-brief already has a lockfile, it will not be regenerated
[INFO] running `Command { std: CARGO_HOME="/workspace/cargo-home" RUSTUP_HOME="/workspace/rustup-home" "/workspace/cargo-home/bin/cargo" "+9610dfe5a9a731ced1ea4923ecbd0c57fe367898" "fetch" "--manifest-path" "Cargo.toml", kill_on_drop: false }`
[INFO] [stderr]  Downloading crates ...
[INFO] [stderr]   Downloaded actix-http v3.3.0
[INFO] [stderr]   Downloaded pistoncore-glutin_window v0.70.1
[INFO] [stderr]   Downloaded piston_window v0.126.0
[INFO] [stderr]   Downloaded piston-gfx_texture v0.43.0
[INFO] [stderr]   Downloaded piston2d-gfx_graphics v0.78.0
[INFO] [stderr]   Downloaded actix-web v4.3.0
[INFO] [stderr]   Downloaded zstd-sys v2.0.6+zstd.1.5.2
[INFO] [stderr]   Downloaded bytestring v1.2.0
[INFO] [stderr]   Downloaded piston v0.53.2
[INFO] running `Command { std: "docker" "create" "-v" "/var/lib/crater-agent-workspace/builds/worker-5-tc1/target:/opt/rustwide/target:rw,Z" "-v" "/var/lib/crater-agent-workspace/builds/worker-5-tc1/source:/opt/rustwide/workdir:ro,Z" "-v" "/var/lib/crater-agent-workspace/cargo-home:/opt/rustwide/cargo-home:ro,Z" "-v" "/var/lib/crater-agent-workspace/rustup-home:/opt/rustwide/rustup-home:ro,Z" "-e" "SOURCE_DIR=/opt/rustwide/workdir" "-e" "CARGO_TARGET_DIR=/opt/rustwide/target" "-e" "CARGO_HOME=/opt/rustwide/cargo-home" "-e" "RUSTUP_HOME=/opt/rustwide/rustup-home" "-w" "/opt/rustwide/workdir" "-m" "1610612736" "--user" "0:0" "--network" "none" "ghcr.io/rust-lang/crates-build-env/linux@sha256:19e73879b68f455e41552ea35293514db52ea292d993f571636dbffedb77a1ee" "/opt/rustwide/cargo-home/bin/cargo" "+9610dfe5a9a731ced1ea4923ecbd0c57fe367898" "metadata" "--no-deps" "--format-version=1", kill_on_drop: false }`
[INFO] [stdout] d6e43206573643f55287d4d3fbe5e5acf1b238e3bf9107d705bc3721c18a69ef
[INFO] running `Command { std: "docker" "start" "-a" "d6e43206573643f55287d4d3fbe5e5acf1b238e3bf9107d705bc3721c18a69ef", kill_on_drop: false }`
[INFO] running `Command { std: "docker" "inspect" "d6e43206573643f55287d4d3fbe5e5acf1b238e3bf9107d705bc3721c18a69ef", kill_on_drop: false }`
[INFO] running `Command { std: "docker" "rm" "-f" "d6e43206573643f55287d4d3fbe5e5acf1b238e3bf9107d705bc3721c18a69ef", kill_on_drop: false }`
[INFO] [stdout] d6e43206573643f55287d4d3fbe5e5acf1b238e3bf9107d705bc3721c18a69ef
[INFO] running `Command { std: "docker" "create" "-v" "/var/lib/crater-agent-workspace/builds/worker-5-tc1/target:/opt/rustwide/target:rw,Z" "-v" "/var/lib/crater-agent-workspace/builds/worker-5-tc1/source:/opt/rustwide/workdir:ro,Z" "-v" "/var/lib/crater-agent-workspace/cargo-home:/opt/rustwide/cargo-home:ro,Z" "-v" "/var/lib/crater-agent-workspace/rustup-home:/opt/rustwide/rustup-home:ro,Z" "-e" "SOURCE_DIR=/opt/rustwide/workdir" "-e" "CARGO_TARGET_DIR=/opt/rustwide/target" "-e" "CARGO_INCREMENTAL=0" "-e" "RUST_BACKTRACE=full" "-e" "RUSTFLAGS=--cap-lints=forbid" "-e" "RUSTDOCFLAGS=--cap-lints=forbid" "-e" "CARGO_HOME=/opt/rustwide/cargo-home" "-e" "RUSTUP_HOME=/opt/rustwide/rustup-home" "-w" "/opt/rustwide/workdir" "-m" "1610612736" "--user" "0:0" "--network" "none" "ghcr.io/rust-lang/crates-build-env/linux@sha256:19e73879b68f455e41552ea35293514db52ea292d993f571636dbffedb77a1ee" "/opt/rustwide/cargo-home/bin/cargo" "+9610dfe5a9a731ced1ea4923ecbd0c57fe367898" "check" "--frozen" "--all" "--all-targets" "--message-format=json", kill_on_drop: false }`
[INFO] [stdout] 719fca28a843c6fbbc05ed1a2747aa879dc888b7192c2bcfe2aabb8503b47338
[INFO] running `Command { std: "docker" "start" "-a" "719fca28a843c6fbbc05ed1a2747aa879dc888b7192c2bcfe2aabb8503b47338", kill_on_drop: false }`
[INFO] [stderr]    Compiling libc v0.2.139
[INFO] [stderr]     Checking cfg-if v1.0.0
[INFO] [stderr]    Compiling autocfg v1.1.0
[INFO] [stderr]    Compiling proc-macro2 v1.0.51
[INFO] [stderr]    Compiling quote v1.0.23
[INFO] [stderr]    Compiling log v0.4.17
[INFO] [stderr]    Compiling unicode-ident v1.0.6
[INFO] [stderr]    Compiling syn v1.0.107
[INFO] [stderr]     Checking bitflags v1.3.2
[INFO] [stderr]    Compiling memchr v2.5.0
[INFO] [stderr]     Checking scopeguard v1.1.0
[INFO] [stderr]     Checking smallvec v1.10.0
[INFO] [stderr]    Compiling pkg-config v0.3.26
[INFO] [stderr]    Compiling xml-rs v0.8.4
[INFO] [stderr]    Compiling futures-core v0.3.26
[INFO] [stderr]    Compiling lock_api v0.4.9
[INFO] [stderr]     Checking once_cell v1.17.0
[INFO] [stderr]     Checking futures-sink v0.3.26
[INFO] [stderr]    Compiling slab v0.4.7
[INFO] [stderr]    Compiling serde v1.0.152
[INFO] [stderr]    Compiling khronos_api v3.1.0
[INFO] [stderr]    Compiling crc32fast v1.3.2
[INFO] [stderr]     Checking pin-project-lite v0.2.9
[INFO] [stderr]     Checking adler v1.0.2
[INFO] [stderr]    Compiling version_check v0.9.4
[INFO] [stderr]     Checking miniz_oxide v0.6.2
[INFO] [stderr]     Checking percent-encoding v2.2.0
[INFO] [stderr]     Checking fnv v1.0.7
[INFO] [stderr]    Compiling serde_derive v1.0.152
[INFO] [stderr]    Compiling crossbeam-utils v0.8.14
[INFO] [stderr]    Compiling gl_generator v0.14.0
[INFO] [stderr]    Compiling wayland-scanner v0.28.6
[INFO] [stderr]     Checking getrandom v0.2.8
[INFO] [stderr]     Checking num_cpus v1.15.0
[INFO] [stderr]     Checking flate2 v1.0.25
[INFO] [stderr]    Compiling memoffset v0.7.1
[INFO] [stderr]     Checking bytes v1.4.0
[INFO] [stderr]     Checking lazy_static v1.4.0
[INFO] [stderr]    Compiling parking_lot_core v0.9.7
[INFO] [stderr]    Compiling wayland-sys v0.28.6
[INFO] [stderr]    Compiling crossbeam-epoch v0.9.13
[INFO] [stderr]     Checking libloading v0.7.4
[INFO] [stderr]    Compiling futures-task v0.3.26
[INFO] [stderr]    Compiling futures-channel v0.3.26
[INFO] [stderr]     Checking dlib v0.5.0
[INFO] [stderr]    Compiling tokio v1.25.0
[INFO] [stderr]    Compiling futures-util v0.3.26
[INFO] [stderr]     Checking itoa v1.0.5
[INFO] [stderr]    Compiling typenum v1.16.0
[INFO] [stderr]     Checking piston-float v1.0.1
[INFO] [stderr]     Checking ttf-parser v0.15.2
[INFO] [stderr]     Checking parking_lot v0.12.1
[INFO] [stderr]    Compiling wayland-client v0.28.6
[INFO] [stderr]     Checking rand_core v0.6.4
[INFO] [stderr]     Checking nix v0.20.0
[INFO] [stderr]     Checking mio v0.8.5
[INFO] [stderr]     Checking socket2 v0.4.7
[INFO] [stderr]    Compiling jobserver v0.1.25
[INFO] [stderr]     Checking signal-hook-registry v1.4.0
[INFO] [stderr]    Compiling generic-array v0.14.6
[INFO] [stderr]    Compiling cc v1.0.79
[INFO] [stderr]     Checking tracing-core v0.1.30
[INFO] [stderr]    Compiling rayon-core v1.10.2
[INFO] [stderr]     Checking ppv-lite86 v0.2.17
[INFO] [stderr]     Checking ab_glyph_rasterizer v0.1.8
[INFO] [stderr]     Checking futures-io v0.3.26
[INFO] [stderr]     Checking cfg-if v0.1.10
[INFO] [stderr]     Checking pin-utils v0.1.0
[INFO] [stderr]     Checking tracing v0.1.37
[INFO] [stderr]     Checking owned_ttf_parser v0.15.2
[INFO] [stderr]     Checking rand_chacha v0.3.1
[INFO] [stderr]     Checking rusttype v0.9.3
[INFO] [stderr]     Checking crossbeam-deque v0.8.2
[INFO] [stderr]     Checking piston-viewport v1.0.2
[INFO] [stderr]     Checking crossbeam-channel v0.5.6
[INFO] [stderr]    Compiling num-traits v0.2.15
[INFO] [stderr]     Checking scoped-tls v1.0.1
[INFO] [stderr]     Checking downcast-rs v1.2.0
[INFO] [stderr]     Checking rand v0.8.5
[INFO] [stderr]     Checking dirs-sys v0.3.7
[INFO] [stderr]    Compiling zstd-sys v2.0.6+zstd.1.5.2
[INFO] [stderr]    Compiling num-integer v0.1.45
[INFO] [stderr]     Checking either v1.8.1
[INFO] [stderr]     Checking minimal-lexical v0.2.1
[INFO] [stderr]     Checking piston-graphics_api_version v1.0.1
[INFO] [stderr]    Compiling paste v1.0.11
[INFO] [stderr]    Compiling nix v0.18.0
[INFO] [stderr]     Checking nom v7.1.3
[INFO] [stderr]     Checking rayon v1.6.1
[INFO] [stderr]     Checking dirs v4.0.0
[INFO] [stderr]    Compiling wayland-protocols v0.28.6
[INFO] [stderr]     Checking nanorand v0.7.0
[INFO] [stderr]    Compiling x11-dl v2.21.0
[INFO] [stderr]     Checking wayland-commons v0.28.6
[INFO] [stderr]     Checking spin v0.9.4
[INFO] [stderr]    Compiling num-rational v0.4.1
[INFO] [stderr]    Compiling indexmap v1.9.2
[INFO] [stderr]     Checking weezl v0.1.7
[INFO] [stderr]    Compiling io-lifetimes v1.0.5
[INFO] [stderr]     Checking local-waker v0.1.3
[INFO] [stderr]     Checking alloc-no-stdlib v2.0.4
[INFO] [stderr]     Checking tinyvec_macros v0.1.1
[INFO] [stderr]     Checking same-file v1.0.6
[INFO] [stderr]    Compiling parking_lot_core v0.8.6
[INFO] [stderr]    Compiling zstd-safe v6.0.3+zstd.1.5.2
[INFO] [stderr]     Checking xcursor v0.3.4
[INFO] [stderr]     Checking walkdir v2.3.2
[INFO] [stderr]     Checking tokio-util v0.7.4
[INFO] [stderr]     Checking tinyvec v1.6.0
[INFO] [stderr]     Checking alloc-stdlib v0.2.2
[INFO] [stderr]    Compiling aho-corasick v0.7.20
[INFO] [stderr]     Checking jpeg-decoder v0.3.0
[INFO] [stderr]     Checking xdg v2.4.1
[INFO] [stderr]     Checking crypto-common v0.1.6
[INFO] [stderr]     Checking block-buffer v0.10.3
[INFO] [stderr]     Checking net2 v0.2.38
[INFO] [stderr]     Checking http v0.2.8
[INFO] [stderr]     Checking threadpool v1.8.1
[INFO] [stderr]     Checking iovec v0.1.4
[INFO] [stderr]    Compiling ahash v0.7.6
[INFO] [stderr]    Compiling gl_generator v0.13.1
[INFO] [stderr]    Compiling futures-macro v0.3.26
[INFO] [stderr]    Compiling pin-project-internal v1.0.12
[INFO] [stderr]     Checking draw_state v0.8.0
[INFO] [stderr]     Checking instant v0.1.12
[INFO] [stderr]     Checking libloading v0.6.7
[INFO] [stderr]     Checking color_quant v1.1.0
[INFO] [stderr]     Checking hashbrown v0.12.3
[INFO] [stderr]     Checking regex-syntax v0.6.28
[INFO] [stderr]    Compiling rustix v0.36.8
[INFO] [stderr]    Compiling httparse v1.8.0
[INFO] [stderr]    Compiling time-core v0.1.0
[INFO] [stderr]     Checking bit_field v0.10.1
[INFO] [stderr]     Checking cty v0.2.2
[INFO] [stderr]     Checking lebe v0.5.2
[INFO] [stderr]     Checking half v2.2.1
[INFO] [stderr]     Checking pin-project v1.0.12
[INFO] [stderr]     Checking flume v0.10.14
[INFO] [stderr]     Checking raw-window-handle v0.4.3
[INFO] [stderr]     Checking calloop v0.6.5
[INFO] [stderr]    Compiling time-macros v0.2.6
[INFO] [stderr]     Checking exr v1.5.2
[INFO] [stderr]     Checking regex v1.7.1
[INFO] [stderr]     Checking andrew v0.3.1
[INFO] [stderr]    Compiling gl v0.13.0
[INFO] [stderr]     Checking gif v0.11.4
[INFO] [stderr]     Checking dlib v0.4.2
[INFO] [stderr]     Checking gfx_core v0.9.2
[INFO] [stderr]     Checking actix-service v2.0.2
[INFO] [stderr]     Checking mio v0.6.23
[INFO] [stderr]     Checking digest v0.10.6
[INFO] [stderr]     Checking tiff v0.8.1
[INFO] [stderr]     Checking unicode-normalization v0.1.22
[INFO] [stderr]     Checking pistoncore-input v1.0.1
[INFO] [stderr]    Compiling bytestring v1.2.0
[INFO] [stderr]     Checking wayland-cursor v0.28.6
[INFO] [stderr]     Checking brotli-decompressor v2.3.4
[INFO] [stderr]     Checking actix-rt v2.8.0
[INFO] [stderr]     Checking actix-utils v3.0.1
[INFO] [stderr]    Compiling glutin_egl_sys v0.1.6
[INFO] [stderr]    Compiling glutin_glx_sys v0.1.8
[INFO] [stderr]     Checking png v0.17.7
[INFO] [stderr]     Checking memmap2 v0.1.0
[INFO] [stderr]    Compiling cookie v0.16.2
[INFO] [stderr]     Checking form_urlencoded v1.1.0
[INFO] [stderr]     Checking ryu v1.0.12
[INFO] [stderr]     Checking linux-raw-sys v0.1.4
[INFO] [stderr]     Checking cpufeatures v0.2.5
[INFO] [stderr]    Compiling serde_json v1.0.92
[INFO] [stderr]     Checking bytemuck v1.13.0
[INFO] [stderr]     Checking piston-texture v0.8.0
[INFO] [stderr]     Checking unicode-bidi v0.3.10
[INFO] [stderr]     Checking lazycell v1.3.0
[INFO] [stderr]     Checking byteorder v1.4.3
[INFO] [stderr]    Compiling convert_case v0.4.0
[INFO] [stderr]     Checking scoped_threadpool v0.1.9
[INFO] [stderr]     Checking idna v0.3.0
[INFO] [stderr]     Checking image v0.24.5
[INFO] [stderr]     Checking mio-extras v2.0.6
[INFO] [stderr]     Checking smithay-client-toolkit v0.12.3
[INFO] [stderr]     Checking time v0.3.17
[INFO] [stderr]    Compiling derive_more v0.99.17
[INFO] [stderr]     Checking sha1 v0.10.5
[INFO] [stderr]     Checking brotli v3.3.4
[INFO] [stderr]     Checking pistoncore-window v0.47.1
[INFO] [stderr]     Checking parking_lot v0.11.2
[INFO] [stderr]     Checking local-channel v0.1.3
[INFO] [stderr]     Checking h2 v0.3.15
[INFO] [stderr]     Checking raw-window-handle v0.3.4
[INFO] [stderr]     Checking actix-codec v0.5.0
[INFO] [stderr]     Checking shader_version v0.7.0
[INFO] [stderr]     Checking vecmath v1.0.0
[INFO] [stderr]    Compiling gfx_gl v0.6.1
[INFO] [stderr]     Checking shared_library v0.1.9
[INFO] [stderr]     Checking encoding_rs v0.8.32
[INFO] [stderr]    Compiling actix-router v0.5.1
[INFO] [stderr]     Checking language-tags v0.3.2
[INFO] [stderr]     Checking interpolation v0.2.0
[INFO] [stderr]     Checking mime v0.3.16
[INFO] [stderr]     Checking httpdate v1.0.2
[INFO] [stderr]     Checking base64 v0.21.0
[INFO] [stderr]     Checking read_color v1.0.0
[INFO] [stderr]     Checking piston2d-graphics v0.42.0
[INFO] [stderr]     Checking osmesa-sys v0.1.2
[INFO] [stderr]     Checking winit v0.24.0
[INFO] [stderr]    Compiling actix-web-codegen v4.1.0
[INFO] [stderr]     Checking is-terminal v0.4.3
[INFO] [stderr]     Checking url v2.3.1
[INFO] [stderr]     Checking serde_urlencoded v0.7.1
[INFO] [stderr]     Checking actix-server v2.2.0
[INFO] [stderr]     Checking gfx v0.18.2
[INFO] [stderr]     Checking futures-executor v0.3.26
[INFO] [stderr]    Compiling actix-macros v0.2.3
[INFO] [stderr]     Checking wayland-egl v0.28.6
[INFO] [stderr]     Checking piston-shaders_graphics2d v0.4.0
[INFO] [stderr]     Checking termcolor v1.2.0
[INFO] [stderr]     Checking spin_sleep v1.1.1
[INFO] [stderr]     Checking humantime v2.1.0
[INFO] [stderr]     Checking pistoncore-event_loop v0.53.1
[INFO] [stderr]     Checking glutin v0.26.0
[INFO] [stderr]     Checking piston-gfx_texture v0.43.0
[INFO] [stderr]     Checking futures v0.3.26
[INFO] [stderr]     Checking env_logger v0.10.0
[INFO] [stderr]     Checking json v0.12.4
[INFO] [stderr]     Checking piston2d-gfx_graphics v0.78.0
[INFO] [stderr]     Checking piston v0.53.2
[INFO] [stderr]     Checking piston2d-opengl_graphics v0.81.0
[INFO] [stderr]    Compiling blazing_rust_brief_derive v0.1.0 (/opt/rustwide/workdir/blazing_rust_brief_derive)
[INFO] [stderr]     Checking blazing_rust_brief v0.1.0 (/opt/rustwide/workdir/blazing_rust_brief)
[INFO] [stderr]     Checking pistoncore-glutin_window v0.70.1
[INFO] [stderr]     Checking gfx_device_gl v0.16.2
[INFO] [stderr]     Checking piston_window v0.126.0
[INFO] [stderr]     Checking blazing_rust_piston v0.1.0 (/opt/rustwide/workdir/blazing_rust_piston)
[INFO] [stdout] error[E0277]: the trait bound `{integer}: SampleRange<_>` is not satisfied
[INFO] [stdout]    --> blazing_rust_piston/src/tetris.rs:302:56
[INFO] [stdout]     |
[INFO] [stdout] 302 |             self.next_shape_index = self.rng.gen_range(0, SHAPE_COUNT as i32);
[INFO] [stdout]     |                                              --------- ^ the trait `SampleRange<_>` is not implemented for `{integer}`
[INFO] [stdout]     |                                              |
[INFO] [stdout]     |                                              required by a bound introduced by this call
[INFO] [stdout]     |
[INFO] [stdout]     = help: the following other types implement trait `SampleRange<T>`:
[INFO] [stdout]               RangeInclusive<T>
[INFO] [stdout]               std::ops::Range<T>
[INFO] [stdout] note: required by a bound in `gen_range`
[INFO] [stdout]    --> /opt/rustwide/cargo-home/registry/src/index.crates.io-6f17d22bba15001f/rand-0.8.5/src/rng.rs:132:12
[INFO] [stdout]     |
[INFO] [stdout] 129 |     fn gen_range<T, R>(&mut self, range: R) -> T
[INFO] [stdout]     |        --------- required by a bound in this associated function
[INFO] [stdout] ...
[INFO] [stdout] 132 |         R: SampleRange<T>
[INFO] [stdout]     |            ^^^^^^^^^^^^^^ required by this bound in `Rng::gen_range`
[INFO] [stdout] 
[INFO] [stdout] 
[INFO] [stdout] error[E0061]: this method takes 1 argument but 2 arguments were supplied
[INFO] [stdout]    --> blazing_rust_piston/src/tetris.rs:302:46
[INFO] [stdout]     |
[INFO] [stdout] 302 |             self.next_shape_index = self.rng.gen_range(0, SHAPE_COUNT as i32);
[INFO] [stdout]     |                                              ^^^^^^^^^  --------------------
[INFO] [stdout]     |                                                         | |
[INFO] [stdout]     |                                                         | unexpected argument of type `i32`
[INFO] [stdout]     |                                                         help: remove the extra argument
[INFO] [stdout]     |
[INFO] [stdout] note: method defined here
[INFO] [stdout]    --> /opt/rustwide/cargo-home/registry/src/index.crates.io-6f17d22bba15001f/rand-0.8.5/src/rng.rs:129:8
[INFO] [stdout]     |
[INFO] [stdout] 129 |     fn gen_range<T, R>(&mut self, range: R) -> T
[INFO] [stdout]     |        ^^^^^^^^^
[INFO] [stdout] 
[INFO] [stdout] 
[INFO] [stdout] error[E0277]: the trait bound `{integer}: SampleRange<_>` is not satisfied
[INFO] [stdout]    --> blazing_rust_piston/src/tetris.rs:384:52
[INFO] [stdout]     |
[INFO] [stdout] 384 |         self.next_shape_index = self.rng.gen_range(0, SHAPE_COUNT as i32);
[INFO] [stdout]     |                                          --------- ^ the trait `SampleRange<_>` is not implemented for `{integer}`
[INFO] [stdout]     |                                          |
[INFO] [stdout]     |                                          required by a bound introduced by this call
[INFO] [stdout]     |
[INFO] [stdout]     = help: the following other types implement trait `SampleRange<T>`:
[INFO] [stdout]               RangeInclusive<T>
[INFO] [stdout]               std::ops::Range<T>
[INFO] [stdout] note: required by a bound in `gen_range`
[INFO] [stdout]    --> /opt/rustwide/cargo-home/registry/src/index.crates.io-6f17d22bba15001f/rand-0.8.5/src/rng.rs:132:12
[INFO] [stdout]     |
[INFO] [stdout] 129 |     fn gen_range<T, R>(&mut self, range: R) -> T
[INFO] [stdout]     |        --------- required by a bound in this associated function
[INFO] [stdout] ...
[INFO] [stdout] 132 |         R: SampleRange<T>
[INFO] [stdout]     |            ^^^^^^^^^^^^^^ required by this bound in `Rng::gen_range`
[INFO] [stdout] 
[INFO] [stdout] 
[INFO] [stdout] error[E0061]: this method takes 1 argument but 2 arguments were supplied
[INFO] [stdout]    --> blazing_rust_piston/src/tetris.rs:384:42
[INFO] [stdout]     |
[INFO] [stdout] 384 |         self.next_shape_index = self.rng.gen_range(0, SHAPE_COUNT as i32);
[INFO] [stdout]     |                                          ^^^^^^^^^  --------------------
[INFO] [stdout]     |                                                     | |
[INFO] [stdout]     |                                                     | unexpected argument of type `i32`
[INFO] [stdout]     |                                                     help: remove the extra argument
[INFO] [stdout]     |
[INFO] [stdout] note: method defined here
[INFO] [stdout]    --> /opt/rustwide/cargo-home/registry/src/index.crates.io-6f17d22bba15001f/rand-0.8.5/src/rng.rs:129:8
[INFO] [stdout]     |
[INFO] [stdout] 129 |     fn gen_range<T, R>(&mut self, range: R) -> T
[INFO] [stdout]     |        ^^^^^^^^^
[INFO] [stdout] 
[INFO] [stdout] 
[INFO] [stdout] error[E0277]: the trait bound `{integer}: SampleRange<_>` is not satisfied
[INFO] [stdout]    --> blazing_rust_piston/src/tetris.rs:302:56
[INFO] [stdout]     |
[INFO] [stdout] 302 |             self.next_shape_index = self.rng.gen_range(0, SHAPE_COUNT as i32);
[INFO] [stdout]     |                                              --------- ^ the trait `SampleRange<_>` is not implemented for `{integer}`
[INFO] [stdout]     |                                              |
[INFO] [stdout]     |                                              required by a bound introduced by this call
[INFO] [stdout]     |
[INFO] [stdout]     = help: the following other types implement trait `SampleRange<T>`:
[INFO] [stdout]               RangeInclusive<T>
[INFO] [stdout]               std::ops::Range<T>
[INFO] [stdout] note: required by a bound in `gen_range`
[INFO] [stdout]    --> /opt/rustwide/cargo-home/registry/src/index.crates.io-6f17d22bba15001f/rand-0.8.5/src/rng.rs:132:12
[INFO] [stdout]     |
[INFO] [stdout] 129 |     fn gen_range<T, R>(&mut self, range: R) -> T
[INFO] [stdout]     |        --------- required by a bound in this associated function
[INFO] [stdout] ...
[INFO] [stdout] 132 |         R: SampleRange<T>
[INFO] [stdout]     |            ^^^^^^^^^^^^^^ required by this bound in `Rng::gen_range`
[INFO] [stdout] 
[INFO] [stdout] 
[INFO] [stdout] error[E0061]: this method takes 1 argument but 2 arguments were supplied
[INFO] [stdout]    --> blazing_rust_piston/src/tetris.rs:302:46
[INFO] [stdout]     |
[INFO] [stdout] 302 |             self.next_shape_index = self.rng.gen_range(0, SHAPE_COUNT as i32);
[INFO] [stdout]     |                                              ^^^^^^^^^  --------------------
[INFO] [stdout]     |                                                         | |
[INFO] [stdout]     |                                                         | unexpected argument of type `i32`
[INFO] [stdout]     |                                                         help: remove the extra argument
[INFO] [stdout]     |
[INFO] [stdout] note: method defined here
[INFO] [stdout]    --> /opt/rustwide/cargo-home/registry/src/index.crates.io-6f17d22bba15001f/rand-0.8.5/src/rng.rs:129:8
[INFO] [stdout]     |
[INFO] [stdout] 129 |     fn gen_range<T, R>(&mut self, range: R) -> T
[INFO] [stdout]     |        ^^^^^^^^^
[INFO] [stdout] 
[INFO] [stdout] 
[INFO] [stdout] error[E0277]: the trait bound `{integer}: SampleRange<_>` is not satisfied
[INFO] [stdout]    --> blazing_rust_piston/src/tetris.rs:384:52
[INFO] [stdout]     |
[INFO] [stdout] 384 |         self.next_shape_index = self.rng.gen_range(0, SHAPE_COUNT as i32);
[INFO] [stdout]     |                                          --------- ^ the trait `SampleRange<_>` is not implemented for `{integer}`
[INFO] [stdout]     |                                          |
[INFO] [stdout]     |                                          required by a bound introduced by this call
[INFO] [stdout]     |
[INFO] [stdout]     = help: the following other types implement trait `SampleRange<T>`:
[INFO] [stdout]               RangeInclusive<T>
[INFO] [stdout]               std::ops::Range<T>
[INFO] [stdout] note: required by a bound in `gen_range`
[INFO] [stdout]    --> /opt/rustwide/cargo-home/registry/src/index.crates.io-6f17d22bba15001f/rand-0.8.5/src/rng.rs:132:12
[INFO] [stdout]     |
[INFO] [stdout] 129 |     fn gen_range<T, R>(&mut self, range: R) -> T
[INFO] [stdout]     |        --------- required by a bound in this associated function
[INFO] [stdout] ...
[INFO] [stdout] 132 |         R: SampleRange<T>
[INFO] [stdout]     |            ^^^^^^^^^^^^^^ required by this bound in `Rng::gen_range`
[INFO] [stdout] 
[INFO] [stdout] 
[INFO] [stdout] error[E0061]: this method takes 1 argument but 2 arguments were supplied
[INFO] [stdout]    --> blazing_rust_piston/src/tetris.rs:384:42
[INFO] [stdout]     |
[INFO] [stdout] 384 |         self.next_shape_index = self.rng.gen_range(0, SHAPE_COUNT as i32);
[INFO] [stdout]     |                                          ^^^^^^^^^  --------------------
[INFO] [stdout]     |                                                     | |
[INFO] [stdout]     |                                                     | unexpected argument of type `i32`
[INFO] [stdout]     |                                                     help: remove the extra argument
[INFO] [stdout]     |
[INFO] [stdout] note: method defined here
[INFO] [stdout]    --> /opt/rustwide/cargo-home/registry/src/index.crates.io-6f17d22bba15001f/rand-0.8.5/src/rng.rs:129:8
[INFO] [stdout]     |
[INFO] [stdout] 129 |     fn gen_range<T, R>(&mut self, range: R) -> T
[INFO] [stdout]     |        ^^^^^^^^^
[INFO] [stdout] 
[INFO] [stdout] 
[INFO] [stdout] error[E0599]: no method named `opengl` found for struct `WindowSettings` in the current scope
[INFO] [stdout]    --> blazing_rust_piston/src/main.rs:261:9
[INFO] [stdout]     |
[INFO] [stdout] 259 |       let mut window: Window = WindowSettings::new("Piston Tetris", [1024, 768]).
[INFO] [stdout]     |  ______________________________-
[INFO] [stdout] 260 | |         exit_on_esc(true).
[INFO] [stdout] 261 | |         opengl(opengl).
[INFO] [stdout]     | |        -^^^^^^ method not found in `WindowSettings`
[INFO] [stdout]     | |________|
[INFO] [stdout]     | 
[INFO] [stdout] 
[INFO] [stdout] 
[INFO] [stdout] warning: unused import: `AdvancedWindow`
[INFO] [stdout]  --> blazing_rust_piston/src/main.rs:9:23
[INFO] [stdout]   |
[INFO] [stdout] 9 | use piston::window::{ AdvancedWindow, WindowSettings };
[INFO] [stdout]   |                       ^^^^^^^^^^^^^^
[INFO] [stdout]   |
[INFO] [stdout]   = note: `#[warn(unused_imports)]` on by default
[INFO] [stdout] 
[INFO] [stdout] 
[INFO] [stdout] error[E0599]: no method named `opengl` found for struct `WindowSettings` in the current scope
[INFO] [stdout]    --> blazing_rust_piston/src/main.rs:261:9
[INFO] [stdout]     |
[INFO] [stdout] 259 |       let mut window: Window = WindowSettings::new("Piston Tetris", [1024, 768]).
[INFO] [stdout]     |  ______________________________-
[INFO] [stdout] 260 | |         exit_on_esc(true).
[INFO] [stdout] 261 | |         opengl(opengl).
[INFO] [stdout]     | |        -^^^^^^ method not found in `WindowSettings`
[INFO] [stdout]     | |________|
[INFO] [stdout]     | 
[INFO] [stdout] 
[INFO] [stdout] 
[INFO] [stdout] warning: unused import: `AdvancedWindow`
[INFO] [stdout]  --> blazing_rust_piston/src/main.rs:9:23
[INFO] [stdout]   |
[INFO] [stdout] 9 | use piston::window::{ AdvancedWindow, WindowSettings };
[INFO] [stdout]   |                       ^^^^^^^^^^^^^^
[INFO] [stdout]   |
[INFO] [stdout]   = note: `#[warn(unused_imports)]` on by default
[INFO] [stdout] 
[INFO] [stdout] 
[INFO] [stdout] error: aborting due to 5 previous errors; 1 warning emitted
[INFO] [stdout] 
[INFO] [stdout] 
[INFO] [stdout] Some errors have detailed explanations: E0061, E0277, E0599.
[INFO] [stdout] 
[INFO] [stdout] For more information about an error, try `rustc --explain E0061`.
[INFO] [stdout] 
[INFO] [stdout] error: aborting due to 5 previous errors; 1 warning emitted
[INFO] [stdout] 
[INFO] [stdout] 
[INFO] [stdout] Some errors have detailed explanations: E0061, E0277, E0599.
[INFO] [stdout] 
[INFO] [stdout] For more information about an error, try `rustc --explain E0061`.
[INFO] [stdout] 
[INFO] [stderr] error: could not compile `blazing_rust_piston` (bin "blazing_rust_piston") due to 6 previous errors; 1 warning emitted
[INFO] [stderr] warning: build failed, waiting for other jobs to finish...
[INFO] [stderr] error: could not compile `blazing_rust_piston` (bin "blazing_rust_piston" test) due to 6 previous errors; 1 warning emitted
[INFO] running `Command { std: "docker" "inspect" "719fca28a843c6fbbc05ed1a2747aa879dc888b7192c2bcfe2aabb8503b47338", kill_on_drop: false }`
[INFO] running `Command { std: "docker" "rm" "-f" "719fca28a843c6fbbc05ed1a2747aa879dc888b7192c2bcfe2aabb8503b47338", kill_on_drop: false }`
[INFO] [stdout] 719fca28a843c6fbbc05ed1a2747aa879dc888b7192c2bcfe2aabb8503b47338
